mber?
False
Is 268693 a prime number?
True
Is 294943 a prime number?
False
Is 4170471 prime?
False
Is 28043 a prime number?
False
Is 640447 a prime number?
False
Is 45281 a prime number?
True
Is 26449 composite?
False
Is 312449 prime?
False
Is 42857 prime?
False
Is 52135 a prime number?
False
Is 22189 composite?
False
Is 694969 composite?
True
Is 36319 a prime number?
True
Is 8417 a prime number?
False
Is 3437 composite?
True
Is 51046 a prime number?
False
Is 598277 composite?
True
Is 448519 a prime number?
True
Is 3737 composite?
True
Is 90941 a composite number?
True
Is 5515 composite?
True
Is 119611 a prime number?
True
Is 5737 a composite number?
False
Is 17269 prime?
False
Is 166585 composite?
True
Is 12071 a prime number?
True
Is 92693 a composite number?
False
Is 61543 a composite number?
False
Is 35779 a prime number?
False
Is 1442239 composite?
True
Is 13751 a composite number?
False
Is 1543 a composite number?
False
Is 54407 a prime number?
False
Is 106423 prime?
False
Is 757481 composite?
False
Is 1499 a composite number?
False
Is 45599 a composite number?
False
Is 2914441 prime?
True
Is 350087 composite?
False
Is 286617 composite?
True
Is 94762 composite?
True
Is 147703 a composite number?
False
Is 2554 composite?
True
Is 3607 composite?
False
Is 1361 prime?
True
Is 94079 a composite number?
False
Is 590797 prime?
True
Is 1597 a composite number?
False
Is 20647 a composite number?
True
Is 4721 prime?
True
Is 35729 a composite number?
False
Is 12229 a prime number?
False
Is 8311 a prime number?
True
Is 505447 a composite number?
False
Is 2573105 prime?
False
Is 167209 prime?
False
Is 232259 a prime number?
True
Is 254539 a prime number?
False
Is 142171 a prime number?
False
Is 1410887 prime?
True
Is 1506257 a prime number?
True
Is 241639 a composite number?
False
Is 13499 composite?
False
Is 4751 prime?
True
Is 3543 prime?
False
Is 58831 a composite number?
False
Is 16795 a prime number?
False
Is 806937 a composite number?
True
Is 19563 composite?
True
Is 54869 composite?
False
Is 2921 composite?
True
Is 124337 composite?
False
Is 1361 prime?
True
Is 5273 prime?
True
Is 31177 a composite number?
False
Is 337709 a prime number?
False
Is 38189 composite?
False
Is 3989 composite?
False
Is 8027 a composite number?
True
Is 120349 a composite number?
False
Is 148907 a prime number?
False
Is 532135 a prime number?
False
Is 23117 prime?
True
Is 10361 a prime number?
False
Is 8306 a prime number?
False
Is 60953 a prime number?
True
Is 54437 composite?
False
Is 55477 a composite number?
True
Is 13979 a prime number?
False
Is 147097 prime?
True
Is 83833 prime?
True
Is 288185 prime?
False
Is 107897 prime?
True
Is 46955 a prime number?
False
Is 21055 composite?
True
Is 9101 composite?
True
Is 79318 a composite number?
True
Is 212911 composite?
True
Is 326927 composite?
True
Is 3027221 prime?
True
Is 51031 prime?
True
Is 1379 a prime number?
False
Is 47459 a prime number?
True
Is 16253 a prime number?
True
Is 1361 a prime number?
True
Is 52837 a composite number?
False
Is 5406071 prime?
False
Is 137477 a composite number?
False
Is 115987 composite?
False
Is 10541 a composite number?
True
Is 1915 a prime number?
False
Is 33541 a composite number?
True
Is 99511 a prime number?
False
Is 362081 a composite number?
False
Is 890099 composite?
True
Is 18933 composite?
True
Is 65789 prime?
True
Is 14617 a composite number?
True
Is 720353 composite?
True
Is 6411905 composite?
True
Is 33365 prime?
False
Is 4743767 composite?
True
Is 87083 composite?
False
Is 52499 prime?
False
Is 16913 prime?
False
Is 491 composite?
False
Is 22901 prime?
True
Is 47423 a prime number?
False
Is 655513 a composite number?
True
Is 14659 prime?
False
Is 70869 a composite number?
True
Is 34691 a prime number?
False
Is 13586 a composite number?
True
Is 26143 composite?
True
Is 196781 prime?
False
Is 425791 a prime number?
True
Is 110221 composite?
False
Is 203707 composite?
True
Is 2179 a composite number?
False
Is 1380749 composite?
True
Is 6761 prime?
True
Is 54771 a prime number?
False
Is 20981 composite?
False
Is 243943 prime?
False
Is 11257 prime?
True
Is 36889 a prime number?
False
Is 87443 a composite number?
False
Is 2789 composite?
False
Is 674735 prime?
False
Is 2185697 a prime number?
True
Is 472319 a prime number?
True
Is 27149 a composite number?
True
Is 163591 prime?
False
Is 28979 a composite number?
False
Is 172243 a prime number?
True
Is 11863 a prime number?
True
Is 4907 composite?
True
Is 224573 composite?
True
Is 225383 prime?
True
Is 7499 prime?
True
Is 8189 composite?
True
Is 464155 prime?
False
Is 535589 composite?
False
Is 91801 prime?
True
Is 1025741 a prime number?
True
Is 3589 a composite number?
True
Is 134097 a composite number?
True
Is 143123 composite?
True
Is 175601 composite?
False
Is 37781 a prime number?
True
Is 14107 composite?
False
Is 2285 prime?
False
Is 7709 a prime number?
False
Is 158001 a composite number?
True
Is 21433 prime?
True
Is 158101 prime?
False
Is 469461 a prime number?
False
Is 40913 composite?
True
Is 447547 a prime number?
False
Is 7403 composite?
True
Is 954463 prime?
False
Is 31307 a prime number?
True
Is 4591 a prime number?
True
Is 130927 prime?
True
Is 533042 composite?
True
Is 86531 prime?
True
Is 20831 prime?
False
Is 4327 prime?
True
Is 22141 a composite number?
True
Is 19263 a prime number?
False
Is 5273 a composite number?
False
Is 32101 prime?
False
Is 40094 a prime number?
False
Is 15077 prime?
True
Is 98949 a composite number?
True
Is 1084279 prime?
False
Is 40297 a prime number?
False
Is 585593 prime?
True
Is 774337 a composite number?
False
Is 6163 composite?
False
Is 1441 composite?
True
Is 145043 composite?
False
Is 65809 prime?
True
Is 4918 prime?
False
Is 614 a prime number?
False
Is 14909 a composite number?
True
Is 5963 prime?
False
Is 683 composite?
False
Is 19945 prime?
False
Is 1141 composite?
True
Is 437 a prime number?
False
Is 18587 composite?
False
Is 111893 prime?
True
Is 155497 prime?
False
Is 53623 a prime number?
True
Is 85339 prime?
False
Is 84787 a composite number?
False
Is 703 a composite number?
True
Is 15877 prime?
True
Is 6217 a composite number?
False
Is 480647 composite?
False
Is 1757 prime?
False
Is 4162 composite?
True
Is 1490429 prime?
True
Is 45338 prime?
False
Is 32519 prime?
False
Is 74197 a composite number?
False
Is 10495 a composite number?
True
Is 501151 prime?
False
Is 1134071 prime?
True
Is 5323 composite?
False
Is 28807 composite?
False
Is 9287 prime?
False
Is 42589 a prime number?
True
Is 270363 prime?
False
Is 132317 prime?
False
Is 57571 composite?
False
Is 95807 a composite number?
True
Is 254207 a prime number?
True
Is 147491 prime?
False
Is 31483 prime?
False
Is 47326 composite?
True
Is 759223 a prime number?
True
Is 253273 a composite number?
False
Is 709 prime?
True
Is 25793 a composite number?
False
Is 691867 prime?
False
Is 14519 composite?
False
Is 115421 a composite number?
False
Is 2617 prime?
True
Is 85726 prime?
False
Is 9611 composite?
True
Is 11197 prime?
True
Is 144617 composite?
True
Is 30367 a prime number?
True
Is 7039 prime?
True
Is 47569 prime?
True
Is 169277 composite?
True
Is 126913 a composite number?
False
Is 47283 composite?
True
Is 12346 a prime number?
False
Is 59227 composite?
True
Is 886234 prime?
False
Is 398813 prime?
True
Is 633695 prime?
False
Is 6317 a prime number?
True
Is 11213 composite?
False
Is 41873 prime?
False
Is 47131 composite?
True
Is 11579 prime?
True
Is 39965 a prime number?
False
Is 889237 composite?
False
Is 11429 a composite number?
True
Is 12373 a prime number?
True
Is 604885 prime?
False
Is 77753 a composite number?
True
Is 23015 a prime number?
False
Is 84641 composite?
True
Is 1191 a prime number?
False
Is 7033 a composite number?
True
Is 734 a prime number?
False
Is 48193 a composite number?
False
Is 98139 prime?
False
Is 13451 a composite number?
False
Is 12365 a prime number?
False
Is 6049 a composite number?
True
Is 23234 prime?
False
Is 980293 a composite number?
False
Is 130579 a prime number?
True
Is 99949 a composite number?
True
Is 2483 a prime number?
False
Is 53479 composite?
False
Is 37781 a prime number?
True
Is 234271 composite?
False
Is 73123 prime?
False
Is 10473 a prime number?
False
Is 571 com